17
Let i(j) = -j**3 - 38*j**2 - 235*j - 40. Calculate i(-30).
-190
Let x(r) = 1747*r + 36715. Determine x(-21).
28
Let b(a) = a**3 - 104*a**2 + 630*a - 233. Give b(6).
19
Let z(x) = -x**3 + 29*x**2 + 114*x - 58. Determine z(31).
1554
Let o(g) = -51*g**3 - 610*g**2 + 37*g + 156. Determine o(-12).
0
Let u(z) = -z**2 - 59278*z + 9510079. Calculate u(160).
-1
Let h(x) = 10*x**3 - 171*x**2 + 17*x - 59. Give h(17).
-59
Let g(v) = v**2 + 13957*v + 97682. Give g(-7).
32
Let c(v) = -195*v**2 - 175*v + 13. Determine c(-1).
-7
Let t(n) = 19972*n + 261251. Give t(-13).
1615
Let h(u) = -11688*u + 80998. What is h(7)?
-818
Let c(q) = -11*q**2 + 203*q - 438. Give c(16).
-6
Let a(o) = -4056*o**2 - 32442*o + 32. Calculate a(-8).
-16
Let m(d) = -d**3 + 72*d**2 + 1421*d - 1157. What is m(88)?
-13
Let x(m) = 3*m**2 + 376*m + 2304. Calculate x(-6).
156
Let x(w) = -2*w**3 + 275*w**2 + 372*w + 6230. Give x(139).
-25
Let x(w) = -22996*w + 459852. Calculate x(20).
-68
Let m(z) = 7*z**3 - 27*z**2 + 199*z - 931. Calculate m(5).
264
Let h(s) = 4*s**2 - 128*s + 1566. What is h(23)?
738
Let x(y) = -y**2 + 2363*y - 386911. Determine x(177).
11
Let p(s) = 1153*s - 178691. Calculate p(155).
24
Let w(d) = d**3 - 80*d**2 - 2513*d + 1767. What is w(104)?
-1
Let o(i) = -34599*i + 138381. Calculate o(4).
-15
Let g(r) = -r**3 + 64*r**2 + 205*r - 307. Give g(67).
-39
Let j(w) = -1811*w - 76013. Give j(-42).
49
Let t(w) = 4*w**3 + 25*w**2 + 181*w + 2160. Give t(-11).
-2130
Let i(p) = 2*p**2 - 5074*p + 70638. Determine i(14).
-6
Let u(x) = 30*x**2 + 19*x - 563. Determine u(4).
-7
Let t(j) = j**3 + 10*j**2 + 474*j + 5312. Give t(-11).
-23
Let w(h) = 10*h**2 - 10*h - 74. What is w(-5)?
226
Let r(l) = 2*l**3 - 28*l**2 - 186*l + 2609. Calculate r(14).
5
Let n(d) = 1481*d + 733089. Calculate n(-495).
-6
Let c(t) = -2*t**3 + 46*t**2 - 252*t - 15. Calculate c(10).
65
Let h(p) = -p**2 - 400*p - 37312. Give h(-149).
87
Let k(c) = -2*c**2 - 232*c + 412. What is k(-116)?
412
Let f(p) = -161*p**2 + 732*p - 730. Calculate f(1).
-159
Let v(x) = x**2 - 105927*x - 847500. What is v(-8)?
-20
Let w(v) = -v**2 + 408*v - 35116. Calculate w(123).
-61
Let f(g) = -22510*g + 382670. Calculate f(17).
0
Let l(p) = -110*p**2 - 528*p - 490. Calculate l(-3).
104
Let z(n) = -54*n**2 - 9279*n + 18556. Give z(2).
-218
Let z(g) = g**2 + 12412*g + 136395. Determine z(-11).
-16
Let a(c) = 5*c**2 - 71*c - 528. Determine a(-7).
214
Let w(f) = f**3 + 109*f**2 - 358*f - 15083. What is w(-111)?
13
Let x(d) = -86*d**2 - 147*d - 590. Determine x(-4).
-1378
Let a(j) = 373*j**2 - 4499*j + 311. What is a(12)?
35
Let n(s) = -15338*s + 14291. Calculate n(1).
-1047
Let o(j) = -j**3 + 158*j**2 - 838*j + 11164. What is o(153)?
-5
Let u(c) = c**3 - 37*c**2 - 1732*c + 216. Give u(64).
-40
Let b(o) = 9*o**2 + 366*o + 225. Give b(-38).
-687
Let t(h) = 27433*h - 82276. Determine t(3).
23
Let g(u) = 57*u**3 + 2*u**2 + 21*u + 4. Calculate g(-3).
-1580
Let a(w) = -45279*w + 3395920. Determine a(75).
-5
Let x(t) = 247083*t - 5435810. Give x(22).
16
Let x(s) = -s**2 - 3511*s - 462272. Determine x(-137).
-34
Let r(b) = -b**3 + 16*b**2 - 988*b - 4274. Determine r(-4).
-2
Let c(k) = k**2 + 6924*k + 621810. Calculate c(-91).
7
Let o(f) = -88*f**3 - 796*f**2 - 71*f - 574. Determine o(-9).
-259
Let n(a) = 48*a**2 - 1330*a + 10604. What is n(8)?
3036
Let w(x) = 1218*x - 26787. Calculate w(22).
9
Let n(k) = -18*k**2 - 1236*k - 2399. Give n(-2).
1
Let l(m) = 192*m + 5343. Give l(-26).
351
Let d(b) = -9492*b - 142421. What is d(-15)?
-41
Let z(n) = 9512*n - 47489. Calculate z(5).
71
Let u(t) = -22*t**2 - 415*t + 80. What is u(-19)?
23
Let t(r) = 4*r**2 + 2342*r + 9388. What is t(-4)?
84
Let s(w) = w**2 + 27725*w + 1024440. Determine s(-37).
-16
Let m(w) = w**2 - 1057*w + 260508. Determine m(393).
-444
Let j(g) = 87*g**3 + 3654*g**2 - g - 60. Determine j(-42).
-18
Let r(h) = 8*h**2 - 309*h + 2665. Determine r(17).
-276
Let d(h) = -2*h**2 - 82*h - 109. Give d(-37).
187
Let t(j) = 8494*j - 85426. Calculate t(10).
-486
Let y(u) = -u**3 + 23*u**2 - 172*u + 3739. Determine y(24).
-965
Let n(d) = 7*d**3 - 5*d**2 + 9810*d + 29426. Calculate n(-3).
-238
Let f(g) = g**3 - 25*g**2 + 2*g + 661. What is f(24)?
133
Let b(g) = -166*g**2 - 348*g + 23. What is b(-2)?
55
Let m(q) = -q**2 - 1448*q + 253730. What is m(158)?
-18
Let z(n) = -27*n**3 + 50*n**2 + 36*n - 74. Determine z(3).
-245
Let k(l) = -l**2 + 597*l + 26845. Give k(-42).
7
Let l(u) = u**3 + 13*u**2 + 520*u + 3137. Give l(-6).
269
Let y(q) = 4*q**3 + 103*q**2 - 16*q + 250. Calculate y(-26).
-10
Let o(d) = -3*d**2 + 204*d - 108. Determine o(67).
93
Let d(j) = -516*j**3 - 18*j**2 + 296*j + 313. Determine d(-1).
515
Let j(m) = 9542*m - 1345422. Determine j(141).
0
Let x(t) = 105*t + 64. What is x(2)?
274
Let n(z) = 243*z + 33628. What is n(-139)?
-149
Let y(w) = -1361*w - 66729. Determine y(-50).
1321
Let o(q) = -3219*q - 663116. Determine o(-206).
-2
Let o(n) = -20*n**2 + 587*n + 1750. What is o(-3)?
-191
Let k(r) = -r**3 + 43*r**2 - 74*r - 183. Calculate k(42).
-1527
Let r(a) = 293*a + 8711. What is r(-33)?
-958
Let v(s) = 10959*s - 65687. What is v(6)?
67
Let n(p) = -142*p**3 - 4827*p**2 - 13*p - 1587. Determine n(-34).
11
Let i(p) = -p**3 - 39*p**2 - 316*p - 1. Give i(-10).
259
Let r(u) = -u**3 - 292*u**2 - 15154*u - 17774. Determine r(-225).
1
Let v(q) = -230*q + 36795. Determine v(160).
-5
Let y(m) = 1429*m**2 - 31436*m - 66. Give y(22).
-22
Let o(b) = -b**3 + 28*b**2 - 126*b - 267. What is o(8)?
5
Let w(m) = -6*m**2 - 77*m - 1926. Give w(-18).
-2484
Let j(t) = -t**3 + 28*t**2 + 113*t - 1. Determine j(-5).
259
Let u(x) = -71711*x**2 - 573700*x - 98. Give u(-8).
-2
Let n(q) = -71*q**3 + 861*q**2 + 23*q - 1578. Calculate n(12).
-6
Let f(m) = 14*m**2 - 1977*m + 11754. What is f(135)?
9
Let u(m) = -128*m**2 + 47081*m + 47082. What is u(-1)?
-127
Let t(f) = -f**3 - 10*f**2 + 39*f + 230. Calculate t(-5).
-90
Let b(x) = -968*x + 6354. Give b(7).
-422
Let h(t) = 4*t**3 + 19*t**2 - 23*t - 15. Determine h(-6).
-57
Let w(j) = 3539*j**2 + 35386*j - 101. Calculate w(-10).
-61
Let f(v) = v**3 - 23*v**2 - 56*v + 909. What is f(15)?
-1731
Let r(n) = 32*n**2 + 41904*n - 20959. What is r(-1310)?
1
Let x(c) = -35*c**2 - 771*c - 63. Calculate x(-21).
693
Let j(r) = -3*r**2 + 572*r - 11094. Determine j(22).
38
Let n(j) = 90*j**2 - 43*j + 18. Determine n(2).
292
Let b(z) = -1105*z**2 - 88230*z + 13588. Give b(-80).
-12
Let q(t) = -2086*t**2 + 3*t + 182. What is q(0)?
182
Let y(p) = 4*p**2 + 641*p + 3236. Determine y(-5).
131
Let g(s) = 330*s - 64387. Calculate g(195).
-37
Let f(w) = 6*w**2 - 2357*w + 9069. Determine f(389).
122
Let h(i) = 11*i**3 + 85*i**2 - 259*i - 26. Determine h(-12).
-3686
Let x(n) = -17483*n - 52917. Calculate x(-3).
-468
Let s(a) = -1211*a + 108991. Determine s(90).
1
Let x(o) = 2353*o + 1378853. What is x(-586)?
-5
Let j(m) = -m**2 - 770*m + 86029. Calculate j(99).
-2
Let u(v) = 1854*v + 13579. What is u(-6)?
2455
Let k(w) = -5848*w - 257541. Give k(-44).
-229
Let h(q) = -4812*q + 24249. Determine h(5).
189
Let p(r) = r**3 - 8*r**2 + 28*r + 325. What is p(10)?
805
Let r(u) = 92*u + 11783. Give r(-128).
7
Let j(s) = 2*s**3 + 15*s**2 + 21*s + 9. Calculate j(-13).
-2123
Let u(k) = -216*k**2 + 374*k + 51. What is u(2)?
-65
Let v(n) = -297*n**2 - 5786*n + 3076. Determine v(-20).
-4
Let u(c) = 217318*c + 1738330. Determine u(-8).
-214
Let z(f) = -7*f**2 + 3177*f - 72227. Calculate z(24).
-11
Let b(f) = 40914*f**2 + 368226*f + 23. What is b(-9)?
23
Let y(r) = 226540*r + 1359239. Calculate y(-6).
-1
Let w(c) = 2*c**2 - 6326*c - 63494. Calculate w(-10).
-34
Let l(o) = -27*o + 3443. Give l(128).
-13
Let x(w) = 2*w**3 + 30*w**2 - 11646*w - 196817. Determine x(-17).
9
Let u(q) = -q**2 - 420*q + 204108. What is u(288)?
204
Let m(d) = 3*d**2 + 486136*d - 1944574. Give m(4).
18
Let v(w) = 3*w**2 - 1001*w - 12649. Calculate v(348).
2315
Let o(k) = 48566*k + 582701. What is o(-12)?
-91
Let y(d) = -164*d + 33787. What is y(206)?
3
Let a(u) = 1066*u + 139721. What is a(-131)?
75
Let b(a) = 3959*a + 57781. Give b(-15).
-1604
Let v(g) = g**3 + 66*g**2 - 106*g + 1414. What is v(-68)?
-626
Let m(z) = 3519*z**3 - 3*z**2 - 190*z + 194. What is m(1)?
3520
Let d(b) = -33*b**2 - 363*b + 6. Give d(-8).
798
Let z(u) = -u**3 + 9